 is -7 (base 8) in base 7?
-10
Convert -211 (base 3) to base 5.
-42
What is 3 (base 7) in base 5?
3
20 (base 9) to base 5
33
-33 (base 15) to base 13
-39
What is 141 (base 9) in base 14?
86
What is 71 (base 10) in base 6?
155
0 (base 14) to base 16
0
What is 19 (base 16) in base 5?
100
-132 (base 4) to base 13
-24
Convert -1 (base 3) to base 8.
-1
What is 11111110 (base 2) in base 13?
167
3 (base 8) to base 13
3
What is 32 (base 9) in base 12?
25
101 (base 2) to base 4
11
What is -20 (base 4) in base 2?
-1000
What is 8 (base 12) in base 2?
1000
What is 1001 (base 5) in base 8?
176
What is 10 (base 3) in base 16?
3
-3 (base 7) to base 6
-3
-a7 (base 14) to base 8
-223
Convert 0 (base 3) to base 16.
0
What is 2e (base 16) in base 13?
37
Convert 10101 (base 2) to base 9.
23
What is -1 (base 16) in base 2?
-1
13 (base 10) to base 5
23
Convert 3 (base 13) to base 16.
3
What is 6 (base 14) in base 8?
6
What is -100 (base 2) in base 5?
-4
0 (base 12) to base 16
0
What is 2040 (base 5) in base 3?
101000
Convert -5 (base 9) to base 8.
-5
What is -6c (base 16) in base 12?
-90
-110111 (base 2) to base 5
-210
What is -323 (base 6) in base 4?
-1323
28 (base 11) to base 3
1010
What is -2a (base 12) in base 3?
-1021
-1001010 (base 2) to base 16
-4a
Convert -2 (base 10) to base 7.
-2
Convert 41 (base 10) to base 12.
35
What is 1 (base 16) in base 7?
1
Convert 26 (base 16) to base 15.
28
What is -2a (base 12) in base 5?
-114
Convert 28 (base 10) to base 16.
1c
-4 (base 6) to base 14
-4
What is -57 (base 15) in base 10?
-82
What is 0 (base 11) in base 6?
0
Convert -45 (base 9) to base 14.
-2d
Convert 1 (base 7) to base 11.
1
Convert 4 (base 8) to base 5.
4
What is 2 (base 15) in base 11?
2
Convert 54 (base 12) to base 9.
71
What is -151 (base 9) in base 5?
-1002
13 (base 5) to base 10
8
-44 (base 10) to base 3
-1122
What is 43 (base 5) in base 16?
17
Convert -16 (base 12) to base 9.
-20
What is 0 (base 4) in base 10?
0
What is 233 (base 6) in base 15?
63
Convert -2 (base 16) to base 14.
-2
10122 (base 3) to base 5
343
What is 10 (base 9) in base 15?
9
What is 0 (base 3) in base 11?
0
What is -6 (base 7) in base 11?
-6
Convert -5 (base 9) to base 8.
-5
-156 (base 8) to base 16
-6e
a8 (base 16) to base 3
20020
What is 6 (base 13) in base 11?
6
Convert -3 (base 16) to base 15.
-3
What is -2c (base 13) in base 2?
-100110
-109 (base 12) to base 15
-a3
Convert -8 (base 16) to base 6.
-12
Convert 51 (base 8) to base 3.
1112
Convert 5 (base 16) to base 10.
5
Convert 4 (base 16) to base 5.
4
18 (base 16) to base 5
44
What is 56 (base 15) in base 11?
74
What is -10000 (base 3) in base 12?
-69
4 (base 12) to base 2
100
What is 79 (base 12) in base 13?
72
-bc (base 15) to base 7
-342
-20 (base 11) to base 12
-1a
What is 10 (base 15) in base 9?
16
Convert 28 (base 9) to base 6.
42
-100 (base 10) to base 6
-244
3 (base 5) to base 11
3
-41 (base 6) to base 4
-121
What is 1 (base 2) in base 12?
1
Convert 155 (base 6) to base 3.
2122
-43 (base 13) to base 14
-3d
Convert 32 (base 11) to base 3.
1022
11 (base 8) to base 4
21
14 (base 5) to base 14
9
What is 1 (base 11) in base 4?
1
Convert -2 (base 15) to base 6.
-2
-8e (base 16) to base 14
-a2
Convert -2a (base 16) to base 4.
-222
Convert 3 (base 5) to base 15.
3
Convert 8 (base 9) to base 15.
8
What is -39 (base 11) in base 15?
-2c
11 (base 5) to base 9
6
5 (base 11) to base 14
5
-16 (base 9) to base 7
-21
What is 4e (base 15) in base 5?
244
23 (base 14) to base 8
37
Convert -10 (base 6) to base 5.
-11
-100010 (base 2) to base 3
-1021
Convert -212 (base 4) to base 6.
-102
What is 13 (base 14) in base 6?
25
Convert 17 (base 12) to base 6.
31
Convert -3 (base 14) to base 8.
-3
What is 0 (base 16) in base 14?
0
Convert 3 (base 6) to base 9.
3
What is -16 (base 7) in base 9?
-14
Convert -24 (base 8) to base 16.
-14
15 (base 16) to base 2
10101
What is 22 (base 3) in base 12?
8
-6 (base 10) to base 5
-11
Convert 3 (base 4) to base 3.
10
-162 (base 11) to base 6
-513
What is -164 (base 11) in base 10?
-191
-3 (base 12) to base 11
-3
11 (base 9) to base 16
a
What is 29 (base 12) in base 15?
23
What is 20 (base 9) in base 8?
22
-2 (base 12) to base 14
-2
Convert -10100011 (base 2) to base 11.
-139
Convert 5 (base 12) to base 7.
5
What is -26 (base 14) in base 11?
-31
What is 3 (base 14) in base 7?
3
-3221 (base 4) to base 6
-1025
1 (base 10) to base 9
1
-2 (base 13) to base 9
-2
What is c (base 16) in base 15?
c
44 (base 6) to base 13
22
What is 30 (base 6) in base 7?
24
Convert 60 (base 9) to base 6.
130
What is -23 (base 13) in base 10?
-29
What is 0 (base 11) in base 6?
0
Convert -111 (base 3) to base 11.
-12
6 (base 9) to base 15
6
Convert 4 (base 6) to base 4.
10
Convert 72 (base 8) to base 11.
53
What is -111010 (base 2) in base 12?
-4a
What is -8c (base 14) in base 7?
-235
What is 10 (base 2) in base 11?
2
Convert 104 (base 9) to base 12.
71
What is -6 (base 12) in base 11?
-6
Convert 9 (base 16) to base 7.
12
56 (base 7) to base 15
2b
What is -3 (base 5) in base 4?
-3
0 (base 11) to base 10
0
Convert -29 (base 13) to base 5.
-120
What is a (base 12) in base 15?
a
Convert 1 (base 9) to base 5.
1
Convert -10 (base 3) to base 15.
-3
-7e (base 15) to base 4
-1313
0 (base 14) to base 9
0
-113 (base 11) to base 7
-252
414 (base 5) to base 4
1231
1 (base 12) to base 2
1
What is -21 (base 7) in base 10?
-15
Convert -10011 (base 3) to base 11.
-78
10 (base 4) to base 5
4
Convert 102 (base 4) to base 15.
13
24 (base 10) to base 5
44
Convert 10 (base 3) to base 4.
3
3 (base 5) to base 14
3
-113 (base 7) to base 14
-43
124 (base 11) to base 15
9c
Convert -3 (base 11) to base 10.
-3
-11 (base 4) to base 15
-5
-10 (base 2) to base 8
-2
Convert 23 (base 10) to base 3.
212
What is -2 (base 7) in base 16?
-2
What is -13 (base 6) in base 8?
-11
120 (base 6) to base 9
53
Convert -110 (base 3) to base 14.
-c
0 (base 6) to base 7
0
Convert 6 (base 16) to base 3.
20
11 (base 6) to base 5
12
Convert -3 (base 11) to base 3.
-10
Convert 11 (base 4) to base 5.
10
Convert 11 (base 11) to base 14.
c
What is 104 (base 5) in base 9?
32
45 (base 12) to base 3
1222
Convert -7 (base 15) to base 7.
-10
2 (base 14) to base 5
2
What is 12 (base 4) in base 16?
6
-1053 (base 6) to base 9
-306
9d (base 14) to base 10
139
Convert -12 (base 5) to base 14.
-7
-8 (base 15) to base 13
-8
Convert -4 (base 15) to base 11.
-4
What is 2 (base 13) in base 16?
2
Convert -273 (base 9) to base 3.
-22110
What is 128 (base 13) in base 6?
535
Convert -22020 (base 3) to base 14.
-11c
-11 (base 4) to base 13
-5
11 (base 2) to base 3
10
What is 3c (base 14) in base 6?
130
Convert 12002 (base 3) to base 2.
10001001
What is 86 (base 14) in base 15?
7d
-2 (base 11) to base 10
-2
What is -3 (base 16) in base 13?
-3
3 (base 12) to base 6
3
Convert 10 (base 12) to base 4.
30
Convert -37 (base 15) to base 10.
-52
-241 (base 12) to base 3
-110111
Convert -33 (base 16) to base 10.
-51
What is -32 (base 9) in base 8?
-35
What is 52 (base 15) in base 2?
1001101
0 (base 2) to base 4
0
Convert 0 (base 5) to base 2.
0
What is 16 (base 10) in base 16?
10
79 (base 10) to base 4
1033
Convert -123 (base 4) to base 7.
-36
-7 (base 13) to base 6
-11
-1 (base 12) to base 6
-1
What is -7 (base 15) in base 7?
-10
Convert -13 (base 7) to base 11.
-a
What is -148 (base 11) in base 5?
-1143
-f (base 16) to base 12
-13
127 (base 10) to base 15
87
Convert 0 (base 11) to base 9.
0
10 (base 5) to base 14
5
What is 12 (base 14) in base 15?
11
Convert -10 (base 3) to base 5.
-3
What is -12 (base 16) in base 4?
-102
-2 (base 12) to base 13
-2
What is -1 (base 9) in base 16?
-1
0 (base 7) to base 4
0
-2013 (base 5) to base 13
-16b
What is 3 (base 14) in base 5?
3
What is 40 (base 11) in base 4?
230
What is -7 (base 16) in base 9?
-7
Convert 1 (base 9) to base 10.
1
What is -65 (base 8) in base 10?
-53
What is 10 (base 4) in base 12?
4
-100 (base 8) to base 13
-4c
20 (base 11) to base 13
19
-5 (base 13) to base 4
-11
-2220 (base 4) to base 9
-206
13 (base 14) to base 8
21
Convert 23 (base 8) to base 9.
21
-10011 (base 2) to base 9
-21
Convert -118 (base 11) to base 4.
-2030
What is -111 (base 3) in base 6?
-21
-111 (base 4) to base 2
-10101
What is 4 (base 9) in base 3?
11
Convert 7 (base 16) to base 10.
7
Convert